89
What is the remainder when 34508 is divided by 175?
33
What is the remainder when 309630 is divided by 637?
48
Calculate the remainder when 4875 is divided by 1956.
963
Calculate the remainder when 2737806 is divided by 10.
6
What is the remainder when 183006 is divided by 103?
78
Calculate the remainder when 13080898 is divided by 21.
19
What is the remainder when 3498 is divided by 341?
88
What is the remainder when 372778 is divided by 109?
107
What is the remainder when 39152 is divided by 544?
528
What is the remainder when 8021 is divided by 58?
17
Calculate the remainder when 44197 is divided by 4007.
120
What is the remainder when 11377 is divided by 67?
54
Calculate the remainder when 1213871 is divided by 12.
11
Calculate the remainder when 1144 is divided by 360.
64
What is the remainder when 4969710 is divided by 604?
602
What is the remainder when 168739 is divided by 11?
10
Calculate the remainder when 12153 is divided by 716.
697
What is the remainder when 4510 is divided by 45?
10
Calculate the remainder when 1659 is divided by 153.
129
What is the remainder when 4347572 is divided by 115?
112
Calculate the remainder when 82663 is divided by 14.
7
Calculate the remainder when 6826 is divided by 1134.
22
What is the remainder when 11618 is divided by 400?
18
Calculate the remainder when 196948 is divided by 860.
8
Calculate the remainder when 1097 is divided by 185.
172
What is the remainder when 253810 is divided by 78?
76
Calculate the remainder when 707465 is divided by 58955.
5
What is the remainder when 71791 is divided by 956?
91
Calculate the remainder when 130102 is divided by 644.
14
Calculate the remainder when 515156 is divided by 1060.
1056
What is the remainder when 873 is divided by 258?
99
What is the remainder when 14172 is divided by 360?
132
Calculate the remainder when 102836 is divided by 351.
344
What is the remainder when 1949 is divided by 37?
25
Calculate the remainder when 93067 is divided by 212.
211
What is the remainder when 208329 is divided by 2741?
13
What is the remainder when 6012 is divided by 30?
12
What is the remainder when 1517 is divided by 499?
20
What is the remainder when 2859 is divided by 114?
9
What is the remainder when 745 is divided by 10?
5
What is the remainder when 141295 is divided by 57?
49
What is the remainder when 12489 is divided by 85?
79
Calculate the remainder when 33911 is divided by 81.
53
What is the remainder when 32007 is divided by 916?
863
What is the remainder when 145218 is divided by 5186?
10
Calculate the remainder when 3019 is divided by 6.
1
What is the remainder when 9497 is divided by 4747?
3
Calculate the remainder when 24433 is divided by 1166.
1113
Calculate the remainder when 147868 is divided by 49287.
7
What is the remainder when 609494 is divided by 681?
680
Calculate the remainder when 3096 is divided by 44.
16
What is the remainder when 42353 is divided by 42327?
26
What is the remainder when 12695 is divided by 32?
23
Calculate the remainder when 7459 is divided by 1241.
13
What is the remainder when 4635 is divided by 61?
60
What is the remainder when 59359 is divided by 331?
110
What is the remainder when 37376 is divided by 1246?
1242
What is the remainder when 3169 is divided by 71?
45
What is the remainder when 18134 is divided by 2998?
146
What is the remainder when 1146 is divided by 72?
66
Calculate the remainder when 6969 is divided by 4.
1
What is the remainder when 4767 is divided by 4507?
260
Calculate the remainder when 1397772 is divided by 839.
837
What is the remainder when 13534 is divided by 52?
14
Calculate the remainder when 64974 is divided by 181.
176
Calculate the remainder when 19067 is divided by 76.
67
Calculate the remainder when 24294 is divided by 138.
6
Calculate the remainder when 1046 is divided by 203.
31
What is the remainder when 53433 is divided by 10562?
623
What is the remainder when 325356 is divided by 664?
660
What is the remainder when 2621 is divided by 373?
10
Calculate the remainder when 116602 is divided by 238.
220
Calculate the remainder when 24656 is divided by 21.
2
What is the remainder when 1448804 is divided by 134?
130
Calculate the remainder when 1170 is divided by 100.
70
Calculate the remainder when 287869 is divided by 5.
4
What is the remainder when 2327 is divided by 764?
35
What is the remainder when 61700 is divided by 51?
41
Calculate the remainder when 19578 is divided by 2447.
2
Calculate the remainder when 1092 is divided by 904.
188
Calculate the remainder when 12522 is divided by 199.
184
What is the remainder when 345 is divided by 111?
12
What is the remainder when 1731 is divided by 139?
63
What is the remainder when 2292 is divided by 48?
36
What is the remainder when 1625147 is divided by 59?
51
Calculate the remainder when 9660 is divided by 9649.
11
What is the remainder when 126242 is divided by 7890?
2
Calculate the remainder when 106658 is divided by 10.
8
What is the remainder when 1977976 is divided by 36?
28
Calculate the remainder when 14654 is divided by 4449.
1307
What is the remainder when 87117 is divided by 66?
63
What is the remainder when 8997 is divided by 2994?
15
What is the remainder when 58508 is divided by 1243?
87
Calculate the remainder when 606489 is divided by 70.
9
What is the remainder when 12358 is divided by 17?
16
What is the remainder when 758161 is divided by 835?
816
What is the remainder when 836 is divided by 89?
35
What is the remainder when 149506 is divided by 196?
154
Calculate the remainder when 5386 is divided by 154.
150
Calculate the remainder when 3771 is divided by 342.
9
Calculate the remainder when 63293 is divided by 64.
61
Calculate the remainder when 87338 is divided by 1507.
1439
Calculate the remainder when 15559 is divided by 108.
7
Calculate the remainder when 2349847 is divided by 1912.
1911
What is the remainder when 2755 is divided by 676?
51
Calculate the remainder when 27938 is divided by 5555.
163
Calculate the remainder when 545159 is divided by 3188.
11
What is the remainder when 62934 is divided by 567?
564
Calculate the remainder when 589 is divided by 227.
135
What is the remainder when 762 is divided by 255?
252
What is the remainder when 4429 is divided by 1971?
487
What is the remainder when 41972 is divided by 5245?
12
What is the remainder when 17920 is divided by 148?
12
Calculate the remainder when 26076 is divided by 450.
426
What is the remainder when 13625 is divided by 94?
89
What is the remainder when 104192 is divided by 4007?
10
What is the remainder when 78102 is divided by 26027?
21
Calculate the remainder when 45949 is divided by 6549.
106
What is the remainder when 81 is divided by 75?
6
What is the remainder when 14036 is divided by 1785?
1541
What is the remainder when 908 is divided by 707?
201
What is the remainder when 115045 is divided by 10?
5
Calculate the remainder when 2129 is divided by 1692.
437
What is the remainder when 905535 is divided by 403?
397
What is the remainder when 6317 is divided by 187?
146
Calculate the remainder when 6396 is divided by 358.
310
Calculate the remainder when 2591 is divided by 855.
26
Calculate the remainder when 3712529 is divided by 103.
100
Calculate the remainder when 8066 is divided by 27.
20
Calculate the remainder when 47213 is divided by 43.
42
What is the remainder when 14023 is divided by 14009?
14
Calculate the remainder when 68009 is divided by 82.
31
What is the remainder when 821308 is divided by 4775?
8
Calculate the remainder when 6577 is divided by 6533.
44
Calculate the remainder when 19119 is divided by 17.
11
Calculate the remainder when 1010 is divided by 46.
44
Calculate the remainder when 4271 is divided by 124.
55
Calculate the remainder when 150632 is divided by 9.
8
Calculate the remainder when 145051 is divided by 612.
7
What is the remainder when 1555 is divided by 195?
190
What is the remainder when 7331 is divided by 654?
137
Calculate the remainder when 79660 is divided by 39822.
16
Calculate the remainder when 30882 is divided by 3087.
12
What is the remainder when 20398 is divided by 186?
124
Calculate the remainder when 10894 is divided by 121.
4
What is the remainder when 77719 is divided by 6476?
7
What i